e c(-20).
9
Let r(l) = l**3 - 18*l**2 - 8*l + 2. Calculate r(18).
-142
Let i(q) = -q - 33. Calculate i(-1).
-32
Let p(t) = 11*t - 4. Determine p(3).
29
Let z(q) = -q**3 - 2*q**2 + q - 16. Calculate z(0).
-16
Let y(w) = -22*w + 74. Calculate y(4).
-14
Let z(o) = o**3 + 9*o**2 + 20*o + 183. Give z(-9).
3
Let g(b) = -b - 2. Calculate g(12).
-14
Let p(i) = i**3 - 4*i**2 - 5*i - 3. Give p(5).
-3
Let k(o) = 8*o**3 + 10*o**2 + 10*o + 1. Calculate k(-1).
-7
Let u(y) = -7*y - 448. What is u(-64)?
0
Let b(n) = 2*n**2 + 22*n + 30. What is b(-9)?
-6
Let p(r) = r**2 - 22*r - 22. Calculate p(23).
1
Let o(b) = b - 49. Determine o(22).
-27
Let d(b) = 7*b - 68. Give d(10).
2
Let d(r) = 3*r**2 - r + 1. Calculate d(1).
3
Let a(v) = 9*v + 604. What is a(-65)?
19
Let u(g) = g + 6. What is u(-11)?
-5
Let r(h) = -h**3 - 18*h**2 + 15*h - 61. Give r(-19).
15
Let p(m) = 5*m + 74. Give p(-14).
4
Let o(c) = c**2 + 8*c + 11. Give o(-8).
11
Let h(t) = -t**3 - 2*t**2 + 4*t + 1. Calculate h(-3).
-2
Let t(i) = -i**3 - 8*i**2 - i - 4. What is t(-8)?
4
Let h(n) = -n. Give h(-1).
1
Let n(x) = -x - 12. What is n(-20)?
8
Let p(f) = -31*f. Calculate p(1).
-31
Let k(p) = p**2 - 20*p - 6. What is k(21)?
15
Let q(f) = 15*f**2 + 100*f + 4. Determine q(-7).
39
Let k(z) = 3*z - 5. Give k(-1).
-8
Let n(x) = x**2 - 43. Determine n(12).
101
Let j(o) = -7*o**2 + 5*o - 7. Give j(3).
-55
Let l(u) = u**2 + 8*u + 9. Give l(-8).
9
Let j(i) = -i**3 + 7*i**2 - 3*i + 4. Calculate j(5).
39
Let v(x) = 9*x - 6. What is v(-2)?
-24
Let w(i) = -2*i**2 - 23*i - 10. Give w(-11).
1
Let d(t) = -t**3 - 2*t**2 + t + 5. Calculate d(0).
5
Let s(a) = -a + 16. Determine s(13).
3
Let s(w) = -w**2 + 25*w - 84. Determine s(21).
0
Let n(p) = -p**3 + 10*p**2 - 13*p + 5. What is n(6)?
71
Let g(w) = w**3 + 8*w**2 - 4*w - 35. What is g(-8)?
-3
Let z(m) = -m**3 - 7*m**2 + 2*m + 22. Determine z(-7).
8
Let k(s) = 3*s + 86. Give k(-31).
-7
Let s(j) = 34*j - 87. What is s(3)?
15
Let f(z) = -19*z**2 - 3*z - 1. Determine f(-2).
-71
Let w(d) = d**3 - 20*d**2 + 60*d + 5. Give w(4).
-11
Let l(t) = t**2 - 2*t - 1. Give l(-2).
7
Let z(p) = -36*p - 79. Give z(-2).
-7
Let z(d) = -3*d + 32. What is z(0)?
32
Let q(f) = 24*f - 41. Determine q(2).
7
Let s(g) = -g**3 - 3*g**2 - g + 3. Give s(-3).
6
Let y(h) = -h**2 + 2. Determine y(1).
1
Let j(o) = o**2 - 42*o + 438. What is j(19)?
1
Let p(u) = u**3 - 4*u**2 - 9*u - 16. Determine p(6).
2
Let x(y) = y**3 - 2*y**2 + 3*y - 11. Determine x(2).
-5
Let v(o) = -14*o - 127. Determine v(-9).
-1
Let f(a) = -a**3 - 9*a**2 - 13*a + 8. Give f(-7).
1
Let r(h) = -h**3 + 4*h**2 + h + 8. What is r(4)?
12
Let h(k) = 15*k - 85. What is h(9)?
50
Let d(i) = 7*i**2 + 8*i + 1. Calculate d(-3).
40
Let t(h) = -5*h**3 + 3*h**2 + h - 1. Calculate t(1).
-2
Let a(n) = -2*n**3 - 12*n**2 + 16*n + 9. Calculate a(-7).
-5
Let a(s) = -25*s**2 + s. Calculate a(-1).
-26
Let l(p) = -3*p + 2. What is l(-5)?
17
Let b(v) = v**3 + 6*v**2 + 8*v - 9. Give b(-5).
-24
Let y(i) = -i**3 - 8*i**2 + i + 17. What is y(-8)?
9
Let s(j) = -j**3 - 9*j**2 - 15*j - 12. Give s(-7).
-5
Let p(n) = 5*n + 34. Give p(-10).
-16
Let o(q) = 19*q - 17. Determine o(3).
40
Let n(g) = g**2 + 22*g + 1. Give n(-20).
-39
Let a(x) = 108*x**2 - x + 2. Calculate a(1).
109
Let t(h) = 4*h**3 - 27*h**2 - 80*h - 18. What is t(9)?
-9
Let k(x) = 2*x**2 + 15*x - 206. What is k(7)?
-3
Let r(w) = -4*w - 14. Determine r(8).
-46
Let f(o) = -8*o + 25. Calculate f(6).
-23
Let k(r) = r**2 - 5*r - 32. Determine k(9).
4
Let o(s) = 68*s - 5. What is o(4)?
267
Let c(j) = -258*j - 265. Calculate c(-1).
-7
Let p(t) = t**2 - 23*t + 25. Give p(23).
25
Let y(s) = -3*s + 2. Determine y(-4).
14
Let s(l) = -2*l**3 - 11*l**2 - 8*l - 8. Calculate s(-5).
7
Let y(b) = -b**3 + 9*b**2 - 2*b + 20. Calculate y(9).
2
Let q(l) = l**3 - 27*l**2 - 22*l - 165. What is q(28)?
3
Let b(q) = 18*q. Calculate b(3).
54
Let i(j) = 12*j**2 - j - 1. Determine i(-1).
12
Let n(z) = 2*z - 7. Calculate n(-17).
-41
Let g(h) = 6*h**2 + 8*h. What is g(-2)?
8
Let i(l) = -2*l**3 + 7*l**2 + 37*l - 42. Give i(6).
0
Let u(i) = -i**3 + 9*i**2 - 9*i + 18. Determine u(8).
10
Let f(d) = d**3 + 12*d**2 + d. Determine f(0).
0
Let a(v) = -2*v - 3. What is a(-5)?
7
Let t(b) = -b + 5. Determine t(-5).
10
Let p(j) = -6*j**3 - j**2 - j. What is p(-1)?
6
Let o(s) = 24*s - 22. What is o(1)?
2
Let b(z) = -z**2 + 8*z - 15. Calculate b(5).
0
Let y(x) = -2*x**3 + 16*x - 16. Give y(-4).
48
Let o(m) = -m**2 + 6*m - 24. Give o(13).
-115
Let v(r) = -2*r**2 - 8*r + 18. Give v(2).
-6
Let p(r) = r**3 - 7*r**2 - 6*r - 8. Give p(8).
8
Let p(v) = -v**2 + 4*v + 8. What is p(-5)?
-37
Let h(u) = -u**3 + 44*u**2 - 2*u + 83. Calculate h(44).
-5
Let q(j) = 27*j**2 - 166*j + 18. What is q(6)?
-6
Let q(f) = 3*f**3 - 40*f**2 - 31*f + 49. Calculate q(14).
7
Let c(p) = 36*p**3 - 3*p**2 - p + 2. What is c(-1)?
-36
Let q(d) = -2*d - 1. What is q(-3)?
5
Let z(v) = v**3 + 4*v**2 + 4*v - 2. What is z(-4)?
-18
Let w(l) = l**3 - 9*l**2 + 7*l + 13. What is w(6)?
-53
Let f(v) = v**3 + v**2 - 4*v + 3. Give f(3).
27
Let p(m) = 2*m + 10. Give p(-9).
-8
Let b(h) = h**2 + 25*h + 120. What is b(-13)?
-36
Let a(j) = j**2 + 9*j + 9. What is a(-6)?
-9
Let f(z) = z**2 + 27*z + 66. What is f(-22)?
-44
Let o(v) = -v**3 - 14*v**2 + 15*v - 7. Determine o(-15).
-7
Let s(n) = -n**2 + 4*n - 8. What is s(2)?
-4
Let a(k) = -k. What is a(5)?
-5
Let c(v) = 4*v - 15. What is c(5)?
5
Let m(b) = b**2 - 10*b - 31. Calculate m(14).
25
Let z(o) = -o**2 - o - 3. Determine z(-3).
-9
Let r(p) = 4*p**2 - 13*p - 16. Determine r(5).
19
Let d(c) = -4*c + 62. Calculate d(18).
-10
Let s(b) = -b**2 - 12*b - 19. Determine s(-12).
-19
Let r(u) = -u + 7. Give r(4).
3
Let y(p) = p**3 - 12*p**2 + 25*p + 22. Calculate y(7).
-48
Let u(i) = 9*i - 67. Calculate u(8).
5
Let o(g) = -80*g + 157. Calculate o(2).
-3
Let i(t) = -t**2 - 18*t - 6. Give i(-17).
11
Let u(m) = -m**2 + m - 4. Give u(6).
-34
Let g(v) = v**2 + 25*v - 70. Give g(-28).
14
Let d(w) = -3*w - 12. Calculate d(0).
-12
Let z(w) = -4*w + 20. Determine z(5).
0
Let v(f) = -f - 21. Determine v(-25).
4
Let w(b) = b**2 - 11*b + 6. Determine w(13).
32
Let o(s) = s**2 - 17*s - 5. Give o(17).
-5
Let m(s) = -s - 23. Give m(-7).
-16
Let l(p) = -p**2 - 2*p + 19. Give l(-6).
-5
Let u(d) = -d**3 - 8*d**2 - 14*d + 5. Calculate u(-6).
17
Let a(h) = -10*h**3 + h**2 - 2*h + 5. Give a(2).
-75
Let x(u) = -u**2 - 10*u + 39. Calculate x(-17).
-80
Let u(l) = l**3 - l + 13. Calculate u(0).
13
Let p(d) = -d**3 - 4*d**2 + 6*d + 4. Give p(-4).
-20
Let w(d) = -d**2 + 3*d - 6. What is w(-4)?
-34
Let q(t) = t**2 - 14*t + 2. Give q(13).
-11
Let d(m) = m**2 + 1. Give d(-4).
17
Let d(o) = -6*o + 7. What is d(0)?
7
Let w(q) = -4*q - 9. Calculate w(0).
-9
Let q(z) = -2*z + 19. Determine q(7).
5
Let v(r) = -r**2 - 11*r - 9. Calculate v(-10).
1
Let y(i) = -2*i**3 - 2*i**2 + 1. Calculate y(-1).
1
Let o(w) = 2*w**2 + 6*w. What is o(-4)?
8
Let c(j) = -2*j**2 - 41*j + 23. Calculate c(-21).
2
Let d(k) = 2*k**3 - 27*k**2 + 14*k - 12. What is d(13)?
1
Let a(z) = z**2 + 14*z + 4. Calculate a(-12).
-20
Let z(v) = -2*v**2 - 24*v - 4. What is z(-12)?
-4
Let a(y) = y**3 + 25*y**2 + 22*y - 44. Determine a(-24).
4
Let j(p) = -p**2 - 4*p + 4. Give j(-6).
-8
Let h(s) = -s**2 + 2*s - 1. Calculate h(3).
-4
Let f(w) = -w**2 - 11*w + 84. What is f(-16)?
4
Let t(a) = a**3 - 16*a**2 + 3*a - 36. Calculate t(16).
12
Let h(o) = -16*o**2 + 3*o + 2. Give h(-1).
-17
Let b(j) = -j**3 + 9*j**2 - 7. What is b(9)?
-7
Let t(b) = b**2 - 5*b - 30. What is t(9)?
6
Let q(z) = -12*z + 46. Give q(10).
-74
Let x(r) = -5*r**2 + 7*r - 17. Give x(4).
-69
Let b(h) = 3*h**2 - 10*h + 18. What is b(5)?
43
Let r(k) = k**3 - 4*k**2 + 4*k - 12. Determine r(4).
4
Let a(m) = -m + 17. Calculate a(10).
7
Let p(s) = -s**3 + 6*s**2 + 11. Determine p(6).
11
Let s(t) = t**3 - 15*t**2 + 17*t + 21. Calculate s(14).
63
Let m(b) = 2*b**2 - 6*b - 5. Calculate m(5).
15
Let y(c) = c**3 + 3*c**2 + 6*c + 4. Determine y(-3).
-14
Let u(y) = 10*y**3 + 2*y**2 + 2. Determine u(-2).
-70
Let w(n) = -5*n - 13. Determine w(-6).
17
Let j(l) = 6*l**2 + 2*l - 3. Calculate j(2).
25
Let z(o) = -o**2 + 33*o - 268. Determine z(19).
-2
Let t(u) = 10*u**2 - 5*u - 4. What is t(-1)?
11
Let g(m) = -m + 1. What is g(-10)?
11
Let k(c) = -c**2 + 15*c - 46. What is k(11)?
-2
L